 a factor of 2603?
False
Is 19 a factor of 13756?
True
Is 9315 a multiple of 23?
True
Is 9827 a multiple of 317?
True
Does 114 divide 3276?
False
Is 28 a multiple of 28?
True
Is 7 a factor of 77?
True
Is 242 a factor of 53482?
True
Does 14 divide 5918?
False
Is 43 a factor of 17415?
True
Is 2088 a multiple of 72?
True
Does 12 divide 2772?
True
Is 9903 a multiple of 16?
False
Does 11 divide 29392?
True
Does 59 divide 333?
False
Is 80850 a multiple of 98?
True
Does 19 divide 1776?
False
Is 14 a factor of 5054?
True
Is 116 a factor of 2401?
False
Does 14 divide 18984?
True
Is 588 a multiple of 28?
True
Does 12 divide 1817?
False
Is 124 a factor of 13888?
True
Is 25 a factor of 550?
True
Is 45 a factor of 66060?
True
Does 15 divide 18267?
False
Is 71 a multiple of 4?
False
Is 9 a factor of 439?
False
Is 15 a factor of 5835?
True
Is 47 a factor of 1189?
False
Is 3914 a multiple of 19?
True
Does 49 divide 735?
True
Is 4505 a multiple of 8?
False
Is 845 a multiple of 13?
True
Is 8362 a multiple of 41?
False
Is 3277 a multiple of 15?
False
Is 75 a factor of 9969?
False
Is 3 a factor of 20?
False
Does 105 divide 2674?
False
Is 3515 a multiple of 34?
False
Does 6 divide 9791?
False
Is 25 a factor of 818?
False
Is 8 a factor of 168?
True
Does 11 divide 4835?
False
Is 17800 a multiple of 25?
True
Is 436 a factor of 63930?
False
Does 113 divide 26781?
True
Is 4 a factor of 576?
True
Is 27283 a multiple of 211?
False
Is 20 a factor of 60?
True
Does 38 divide 55892?
False
Does 93 divide 30225?
True
Is 121 a factor of 8161?
False
Is 8380 a multiple of 15?
False
Is 70 a factor of 22890?
True
Is 12730 a multiple of 27?
False
Is 3 a factor of 45?
True
Does 143 divide 1287?
True
Is 95 a multiple of 44?
False
Is 3295 a multiple of 8?
False
Does 56 divide 4017?
False
Is 3195 a multiple of 71?
True
Is 32580 a multiple of 30?
True
Does 5 divide 5147?
False
Is 3 a factor of 5693?
False
Does 22 divide 1322?
False
Is 9 a factor of 504?
True
Is 45 a factor of 16605?
True
Does 16 divide 124306?
False
Is 11 a factor of 1276?
True
Is 357 a multiple of 4?
False
Does 18 divide 8120?
False
Is 17 a factor of 1377?
True
Is 4365 a multiple of 27?
False
Is 672 a multiple of 28?
True
Is 3 a factor of 1269?
True
Does 21 divide 280?
False
Is 15360 a multiple of 10?
True
Is 245 a factor of 8055?
False
Is 28 a factor of 756?
True
Is 5228 a multiple of 23?
False
Is 22 a factor of 2256?
False
Is 4976 a multiple of 8?
True
Does 11 divide 9614?
True
Is 70 a factor of 2162?
False
Does 37 divide 10093?
False
Is 12 a factor of 1056?
True
Is 10081 a multiple of 11?
False
Is 330 a multiple of 39?
False
Does 7 divide 255?
False
Does 9 divide 2177?
False
Does 25 divide 425?
True
Is 11182 a multiple of 22?
False
Is 15 a factor of 6846?
False
Is 6 a factor of 3348?
True
Is 66638 a multiple of 22?
True
Does 4 divide 246?
False
Is 3003 a multiple of 39?
True
Is 23280 a multiple of 240?
True
Does 181 divide 72762?
True
Is 8036 a multiple of 91?
False
Is 609 a multiple of 27?
False
Is 3 a factor of 13647?
True
Is 66 a factor of 261?
False
Is 13 a factor of 12584?
True
Is 57 a factor of 3365?
False
Is 42 a factor of 1468?
False
Is 1833 a multiple of 17?
False
Is 10 a factor of 4211?
False
Is 4 a factor of 1300?
True
Does 15 divide 3400?
False
Does 69 divide 687?
False
Is 13184 a multiple of 103?
True
Is 86 a factor of 3119?
False
Is 6160 a multiple of 55?
True
Is 119451 a multiple of 18?
False
Is 1137 a multiple of 13?
False
Is 97 a factor of 1940?
True
Is 73946 a multiple of 14?
False
Is 56 a factor of 1288?
True
Is 2 a factor of 1366?
True
Is 3958 even?
True
Does 12 divide 1941?
False
Is 9282 a multiple of 91?
True
Is 584 a multiple of 8?
True
Is 31 a multiple of 6?
False
Is 972 a multiple of 38?
False
Is 12 a multiple of 6?
True
Is 10 a factor of 690?
True
Does 5 divide 565?
True
Is 1226 a multiple of 12?
False
Is 14 a factor of 9406?
False
Does 69 divide 112?
False
Does 14 divide 14408?
False
Is 703 a multiple of 2?
False
Does 61 divide 7564?
True
Is 8772 a multiple of 129?
True
Is 15 a factor of 660?
True
Does 4 divide 1229?
False
Does 149 divide 79364?
False
Does 12 divide 2018?
False
Is 47 a factor of 23975?
False
Does 6 divide 25116?
True
Is 3931 a multiple of 2?
False
Does 70 divide 2890?
False
Is 184 a factor of 58144?
True
Is 2484 a multiple of 9?
True
Is 15 a multiple of 2?
False
Is 1172 a multiple of 44?
False
Is 76 a factor of 12084?
True
Is 45 a factor of 53865?
True
Does 87 divide 6606?
False
Is 18 a multiple of 18?
True
Does 6 divide 918?
True
Does 13 divide 17056?
True
Is 150 a factor of 6900?
True
Does 33 divide 3325?
False
Is 25 a factor of 93?
False
Does 49 divide 22834?
True
Is 9 a factor of 95?
False
Is 110 a factor of 8080?
False
Is 8 a factor of 10571?
False
Is 44 a multiple of 15?
False
Does 11 divide 11049?
False
Is 14 a factor of 560?
True
Is 156 a factor of 1404?
True
Does 7 divide 785?
False
Is 11 a factor of 702?
False
Does 24 divide 326?
False
Is 21917 a multiple of 11?
False
Is 202 even?
True
Does 95 divide 5057?
False
Is 1013 a multiple of 3?
False
Does 12 divide 24?
True
Is 198 a multiple of 99?
True
Does 38 divide 565?
False
Is 1789 a multiple of 10?
False
Does 9 divide 478?
False
Is 40 a factor of 7903?
False
Is 49 a factor of 6615?
True
Does 130 divide 79170?
True
Is 25 a factor of 550?
True
Does 6 divide 16164?
True
Does 41 divide 36572?
True
Is 7 a factor of 212?
False
Is 15 a factor of 945?
True
Does 33 divide 6006?
True
Is 10 a factor of 792?
False
Is 21 a factor of 457?
False
Is 338 a multiple of 26?
True
Does 15 divide 270?
True
Is 11934 a multiple of 78?
True
Is 27731 a multiple of 11?
True
Is 24 a factor of 1464?
True
Is 94444 a multiple of 18?
False
Does 22 divide 9214?
False
Is 845 a multiple of 23?
False
Does 2 divide 568?
True
Does 10 divide 2759?
False
Does 8 divide 472?
True
Does 99 divide 4950?
True
Is 1620 a multiple of 12?
True
Is 558 a multiple of 93?
True
Is 28 a factor of 30958?
False
Is 52756 a multiple of 11?
True
Does 4 divide 2220?
True
Is 18848 a multiple of 19?
True
Is 3 a factor of 4069?
False
Is 10857 a multiple of 6?
False
Is 21 a factor of 157?
False
Is 47867 a multiple of 28?
False
Does 5 divide 19155?
True
Does 90 divide 80974?
False
Does 13 divide 819?
True
Does 27 divide 837?
True
Is 42 a factor of 50193?
False
Does 9 divide 13725?
True
Is 532 a multiple of 14?
True
Does 12 divide 6004?
False
Does 50 divide 55100?
True
Is 2772 a multiple of 42?
True
Does 9 divide 16404?
False
Does 3 divide 10?
False
Is 1152 a multiple of 36?
True
Does 133 divide 1729?
True
Is 27 a factor of 513?
True
Does 23 divide 943?
True
Is 62 a factor of 27383?
False
Is 599 a multiple of 7?
False
Is 17 a factor of 1469?
False
Is 2 a factor of 14779?
False
Is 18830 a multiple of 37?
False
Is 72 a factor of 2664?
True
Is 79140 a multiple of 20?
True
Is 2 a factor of 17?
False
Does 43 divide 793?
False
Is 6 a factor of 135?
False
Is 6 a factor of 356?
False
Is 53 a factor of 21961?
False
Is 7757 a multiple of 113?
False
Is 1602 a multiple of 89?
True
Is 149 a factor of 26355?
False
Is 39426 a multiple of 17?
False
Is 152 a multiple of 8?
True
Does 5 divide 810?
True
Is 8165 a multiple of 115?
True
Is 29 a factor of 3616?
False
Is 6372 a multiple of 75?
False
Is 29 a factor of 4350?
True
Is 1052 a multiple of 36?
False
Does 70 divide 14769?
False
Is 140 a multiple of 2?
True
Is 3445 a multiple of 5?
True
Is 1238 a multiple of 40?
False
Is 16 a factor of 1010?
False
Is 10 a factor of 2138?
False
Is 3520 a multiple of 32?
True
Is 176 a factor of 13552?
True
Is 114 a factor of 25495?
False
Does 218 divide 17301?
False
Is 32 a factor of 2912?
True
Does 5 divide 276?
False
Is 265 a multiple of 25?
False
Is 10 a factor of 446?
False
Is 9 a factor of 702?
True
Does 20 divide 45733?
False
Is 533 a multiple of 41?
True
Is 434 a multiple of 68?
False
Does 3 divide 248?
False
Is 43 a factor of 860?
True
Is 3519 a multiple of 23?
True
Is 10 a factor of 145?
False
Is 4 a factor of 11?
False
Does 8 divide 1266?
False
Does 18 divide 216?
True
Does 8 divide 18326?
False
Is 39457 a multiple of 103?
False
Is 12 a factor of 1765?
False
Is 72 a factor of 3096?
True
Is 92 a factor of 968?
False
Does 8 divide 511?
False
Is 864 a multiple of 32?
True
Does 2 divide 346?
True
Is 1728 